{"id":287,"date":"2024-11-11T17:37:01","date_gmt":"2024-11-11T16:37:01","guid":{"rendered":"https:\/\/yesdogeducation.com\/\/\/?page_id=287"},"modified":"2026-04-22T05:23:37","modified_gmt":"2026-04-22T03:23:37","slug":"educateur-canin-77-centre-canin","status":"publish","type":"page","link":"https:\/\/yesdogeducation.com\/index.php\/educateur-canin-77-centre-canin\/","title":{"rendered":"YES DOG PARC"},"content":{"rendered":"\n<div class=\"wp-block-cover has-parallax\" style=\"margin-top:0;margin-bottom:0;min-height:510px;aspect-ratio:unset;\"><div class=\"wp-block-cover__image-background wp-image-180 has-parallax\" style=\"background-position:50% 50%;background-image:url(https:\/\/yesdogeducation.com\/\/\/wp-content\/uploads\/2024\/11\/PARCS.png)\"><\/div><span aria-hidden=\"true\" class=\"wp-block-cover__background has-black-background-color has-background-dim-40 has-background-dim\"><\/span><div class=\"wp-block-cover__inner-container has-global-padding is-layout-constrained wp-block-cover-is-layout-constrained\">\n<div class=\"wp-block-group wow animate__animated animate__slideInUp has-global-padding is-content-justification-center is-layout-constrained wp-container-core-group-is-layout-fd47e36e wp-block-group-is-layout-constrained\" style=\"padding-right:0;padding-left:0\">\n<p><\/p>\n\n\n\n<figure class=\"wp-block-image size-full has-custom-border is-style-default wp-duotone-unset-1\"><img fetchpriority=\"high\" decoding=\"async\" width=\"1536\" height=\"584\" src=\"https:\/\/yesdogeducation.com\/wp-content\/uploads\/2025\/10\/Design-sans-titre-1.png\" alt=\"\" class=\"wp-image-1125\" style=\"border-style:none;border-width:0px\" srcset=\"https:\/\/yesdogeducation.com\/wp-content\/uploads\/2025\/10\/Design-sans-titre-1.png 1536w, https:\/\/yesdogeducation.com\/wp-content\/uploads\/2025\/10\/Design-sans-titre-1-300x114.png 300w, https:\/\/yesdogeducation.com\/wp-content\/uploads\/2025\/10\/Design-sans-titre-1-1024x389.png 1024w, https:\/\/yesdogeducation.com\/wp-content\/uploads\/2025\/10\/Design-sans-titre-1-768x292.png 768w\" sizes=\"(max-width: 1536px) 100vw, 1536px\" \/><\/figure>\n\n\n\n<h1 class=\"wp-block-heading has-text-align-center has-white-color has-text-color has-link-color wp-elements-673d4d9a5cfd018f025dd9b0e5be31f1\" style=\"margin-top:21px;margin-bottom:25px;font-size:clamp(1.551rem, 1.551rem + ((1vw - 0.2rem) * 1.871), 2.6rem);line-height:1\">Le YES DOG PARC centre d&rsquo;\u00e9ducation canine entre Fontainebleau et Melun<\/h1>\n\n\n\n<h2 class=\"wp-block-heading has-text-align-center has-secondary-bg-color has-text-color has-link-color has-medium-font-size wp-elements-85594b3533865c56f7d3a2a5c1a2287b\">Situ\u00e9 \u00e0 Chailly en Bi\u00e8re, commune du parc naturel r\u00e9gional du G\u00e2tinais fran\u00e7ais, notre centre d&rsquo;\u00e9ducation canine YES DOG PARC s&rsquo;\u00e9tant sur 4 500 m<sup>2<\/sup> de pelouses arbor\u00e9es parsem\u00e9es d&rsquo;imposants rochers de Fontainebleau. <\/h2>\n\n\n\n<h3 class=\"wp-block-heading has-text-align-center has-secondary-bg-color has-text-color has-link-color has-medium-font-size wp-elements-0962e33535686cdc04d84b942cfe8835\" style=\"margin-top:var(--wp--preset--spacing--10);margin-bottom:var(--wp--preset--spacing--10)\"><strong>Il est divis\u00e9 en 4 secteurs de travail dont un PUPPY PARC consacr\u00e9 \u00e0 l&rsquo;\u00e9ducation des chiots.<\/strong><\/h3>\n<\/div>\n<\/div><\/div>\n\n\n\n<h2 class=\"wp-block-heading has-text-align-center\" style=\"margin-top:var(--wp--preset--spacing--10);margin-bottom:0;font-size:clamp(25.5px, 1.594rem + ((1vw - 3.2px) * 1.951), 43px);\"><strong>VOUS Y RENDRE<\/strong><\/h2>\n\n\n\n<p class=\"has-text-align-center has-text-color has-link-color wp-elements-0c7cff42c8f3c5078a9d99e46c2f05f4\" style=\"color:#b4ca28;font-size:clamp(14.082px, 0.88rem + ((1vw - 3.2px) * 0.771), 21px);\">Cliquez sur la carte<\/p>\n\n\n\n<figure class=\"wp-block-image aligncenter size-full is-resized\"><a href=\"https:\/\/www.google.fr\/maps\/@48.4732429,2.6037367,17.01z?entry=ttu&amp;g_ep=EgoyMDI0MTExMC4wIKXMDSoASAFQAw%3D%3D\"><img decoding=\"async\" width=\"256\" height=\"256\" src=\"https:\/\/yesdogeducation.com\/\/\/wp-content\/uploads\/2024\/11\/image-11.png\" alt=\"\" class=\"wp-image-402\" style=\"width:64px;height:auto\" srcset=\"https:\/\/yesdogeducation.com\/wp-content\/uploads\/2024\/11\/image-11.png 256w, https:\/\/yesdogeducation.com\/wp-content\/uploads\/2024\/11\/image-11-150x150.png 150w\" sizes=\"(max-width: 256px) 100vw, 256px\" \/><\/a><\/figure>\n\n\n\n<div class=\"wp-block-group is-layout-grid wp-container-core-group-is-layout-478b6e6b wp-block-group-is-layout-grid\">\n<figure class=\"wp-block-image size-large has-custom-border wp-container-content-5f80b302\" style=\"margin-top:var(--wp--preset--spacing--10);margin-right:var(--wp--preset--spacing--10);margin-bottom:var(--wp--preset--spacing--10);margin-left:var(--wp--preset--spacing--10)\"><img decoding=\"async\" width=\"1024\" height=\"724\" src=\"https:\/\/yesdogeducation.com\/wp-content\/uploads\/2026\/04\/191-1024x724.png\" alt=\"\" class=\"wp-image-1885\" style=\"border-style:none;border-width:0px;border-top-left-radius:37px;border-top-right-radius:37px;border-bottom-left-radius:37px;border-bottom-right-radius:37px\" srcset=\"https:\/\/yesdogeducation.com\/wp-content\/uploads\/2026\/04\/191-1024x724.png 1024w, https:\/\/yesdogeducation.com\/wp-content\/uploads\/2026\/04\/191-300x212.png 300w, https:\/\/yesdogeducation.com\/wp-content\/uploads\/2026\/04\/191-768x543.png 768w, https:\/\/yesdogeducation.com\/wp-content\/uploads\/2026\/04\/191-1536x1086.png 1536w, https:\/\/yesdogeducation.com\/wp-content\/uploads\/2026\/04\/191.png 2000w\" sizes=\"(max-width: 1024px) 100vw, 1024px\" \/><\/figure>\n\n\n\n<figure class=\"wp-block-image size-large has-custom-border wp-container-content-5f80b302\" style=\"margin-top:var(--wp--preset--spacing--10);margin-right:var(--wp--preset--spacing--10);margin-bottom:var(--wp--preset--spacing--10);margin-left:var(--wp--preset--spacing--10)\"><img loading=\"lazy\" decoding=\"async\" width=\"2800\" height=\"1575\" src=\"https:\/\/yesdogeducation.com\/wp-content\/uploads\/2024\/11\/6-1024x576.png\" alt=\"\" class=\"wp-image-298\" style=\"border-top-left-radius:37px;border-top-right-radius:37px;border-bottom-left-radius:37px;border-bottom-right-radius:37px\" srcset=\"https:\/\/yesdogeducation.com\/wp-content\/uploads\/2024\/11\/6-1024x576.png 1024w, https:\/\/yesdogeducation.com\/wp-content\/uploads\/2024\/11\/6-300x169.png 300w, https:\/\/yesdogeducation.com\/wp-content\/uploads\/2024\/11\/6-768x432.png 768w, https:\/\/yesdogeducation.com\/wp-content\/uploads\/2024\/11\/6-1536x864.png 1536w, https:\/\/yesdogeducation.com\/wp-content\/uploads\/2024\/11\/6-2048x1152.png 2048w\" sizes=\"(max-width: 2800px) 100vw, 2800px\" \/><\/figure>\n\n\n\n<figure class=\"wp-block-image size-large has-custom-border wp-container-content-5f80b302\" style=\"margin-top:var(--wp--preset--spacing--10);margin-right:var(--wp--preset--spacing--10);margin-bottom:var(--wp--preset--spacing--10);margin-left:var(--wp--preset--spacing--10)\"><img loading=\"lazy\" decoding=\"async\" width=\"1024\" height=\"724\" src=\"https:\/\/yesdogeducation.com\/wp-content\/uploads\/2026\/04\/193-1024x724.png\" alt=\"\" class=\"wp-image-1887\" style=\"border-style:none;border-width:0px;border-top-left-radius:37px;border-top-right-radius:37px;border-bottom-left-radius:37px;border-bottom-right-radius:37px\" srcset=\"https:\/\/yesdogeducation.com\/wp-content\/uploads\/2026\/04\/193-1024x724.png 1024w, https:\/\/yesdogeducation.com\/wp-content\/uploads\/2026\/04\/193-300x212.png 300w, https:\/\/yesdogeducation.com\/wp-content\/uploads\/2026\/04\/193-768x543.png 768w, https:\/\/yesdogeducation.com\/wp-content\/uploads\/2026\/04\/193-1536x1086.png 1536w, https:\/\/yesdogeducation.com\/wp-content\/uploads\/2026\/04\/193.png 2000w\" sizes=\"(max-width: 1024px) 100vw, 1024px\" \/><\/figure>\n\n\n\n<figure class=\"wp-block-image size-large has-custom-border wp-container-content-5f80b302\" style=\"margin-top:var(--wp--preset--spacing--10);margin-right:var(--wp--preset--spacing--10);margin-bottom:var(--wp--preset--spacing--10);margin-left:var(--wp--preset--spacing--10)\"><img loading=\"lazy\" decoding=\"async\" width=\"1024\" height=\"576\" src=\"https:\/\/yesdogeducation.com\/wp-content\/uploads\/2024\/11\/5-1024x576.png\" alt=\"\" class=\"wp-image-297\" style=\"border-top-left-radius:37px;border-top-right-radius:37px;border-bottom-left-radius:37px;border-bottom-right-radius:37px\" srcset=\"https:\/\/yesdogeducation.com\/wp-content\/uploads\/2024\/11\/5-1024x576.png 1024w, https:\/\/yesdogeducation.com\/wp-content\/uploads\/2024\/11\/5-300x169.png 300w, https:\/\/yesdogeducation.com\/wp-content\/uploads\/2024\/11\/5-768x432.png 768w, https:\/\/yesdogeducation.com\/wp-content\/uploads\/2024\/11\/5-1536x864.png 1536w, https:\/\/yesdogeducation.com\/wp-content\/uploads\/2024\/11\/5-2048x1152.png 2048w\" sizes=\"(max-width: 1024px) 100vw, 1024px\" \/><\/figure>\n\n\n\n<figure class=\"wp-block-image size-large has-custom-border wp-container-content-5f80b302\" style=\"margin-top:var(--wp--preset--spacing--10);margin-right:var(--wp--preset--spacing--10);margin-bottom:var(--wp--preset--spacing--10);margin-left:var(--wp--preset--spacing--10)\"><img loading=\"lazy\" decoding=\"async\" width=\"1024\" height=\"724\" src=\"https:\/\/yesdogeducation.com\/wp-content\/uploads\/2026\/04\/195-1024x724.png\" alt=\"\" class=\"wp-image-1889\" style=\"border-top-left-radius:37px;border-top-right-radius:37px;border-bottom-left-radius:37px;border-bottom-right-radius:37px\" srcset=\"https:\/\/yesdogeducation.com\/wp-content\/uploads\/2026\/04\/195-1024x724.png 1024w, https:\/\/yesdogeducation.com\/wp-content\/uploads\/2026\/04\/195-300x212.png 300w, https:\/\/yesdogeducation.com\/wp-content\/uploads\/2026\/04\/195-768x543.png 768w, https:\/\/yesdogeducation.com\/wp-content\/uploads\/2026\/04\/195-1536x1086.png 1536w, https:\/\/yesdogeducation.com\/wp-content\/uploads\/2026\/04\/195.png 2000w\" sizes=\"(max-width: 1024px) 100vw, 1024px\" \/><\/figure>\n\n\n\n<figure class=\"wp-block-image size-large has-custom-border wp-container-content-5f80b302\" style=\"margin-top:var(--wp--preset--spacing--10);margin-right:var(--wp--preset--spacing--10);margin-bottom:var(--wp--preset--spacing--10);margin-left:var(--wp--preset--spacing--10)\"><img loading=\"lazy\" decoding=\"async\" width=\"1024\" height=\"576\" src=\"https:\/\/yesdogeducation.com\/wp-content\/uploads\/2024\/11\/4-1024x576.png\" alt=\"\" class=\"wp-image-295\" style=\"border-top-left-radius:37px;border-top-right-radius:37px;border-bottom-left-radius:37px;border-bottom-right-radius:37px\" srcset=\"https:\/\/yesdogeducation.com\/wp-content\/uploads\/2024\/11\/4-1024x576.png 1024w, https:\/\/yesdogeducation.com\/wp-content\/uploads\/2024\/11\/4-300x169.png 300w, https:\/\/yesdogeducation.com\/wp-content\/uploads\/2024\/11\/4-768x432.png 768w, https:\/\/yesdogeducation.com\/wp-content\/uploads\/2024\/11\/4-1536x864.png 1536w, https:\/\/yesdogeducation.com\/wp-content\/uploads\/2024\/11\/4-2048x1152.png 2048w\" sizes=\"(max-width: 1024px) 100vw, 1024px\" \/><\/figure>\n\n\n\n<figure class=\"wp-block-image size-large has-custom-border wp-container-content-5f80b302\" style=\"margin-top:var(--wp--preset--spacing--10);margin-right:var(--wp--preset--spacing--10);margin-bottom:var(--wp--preset--spacing--10);margin-left:var(--wp--preset--spacing--10)\"><img loading=\"lazy\" decoding=\"async\" width=\"1024\" height=\"724\" src=\"https:\/\/yesdogeducation.com\/wp-content\/uploads\/2026\/04\/192-1024x724.png\" alt=\"\" class=\"wp-image-1886\" style=\"border-top-left-radius:37px;border-top-right-radius:37px;border-bottom-left-radius:37px;border-bottom-right-radius:37px\" srcset=\"https:\/\/yesdogeducation.com\/wp-content\/uploads\/2026\/04\/192-1024x724.png 1024w, https:\/\/yesdogeducation.com\/wp-content\/uploads\/2026\/04\/192-300x212.png 300w, https:\/\/yesdogeducation.com\/wp-content\/uploads\/2026\/04\/192-768x543.png 768w, https:\/\/yesdogeducation.com\/wp-content\/uploads\/2026\/04\/192-1536x1086.png 1536w, https:\/\/yesdogeducation.com\/wp-content\/uploads\/2026\/04\/192.png 2000w\" sizes=\"(max-width: 1024px) 100vw, 1024px\" \/><\/figure>\n<\/div>\n","protected":false},"excerpt":{"rendered":"<p>VOUS Y RENDRE Cliquez sur la carte<\/p>\n","protected":false},"author":1,"featured_media":0,"parent":0,"menu_order":0,"comment_status":"closed","ping_status":"closed","template":"full-width","meta":{"footnotes":""},"class_list":["post-287","page","type-page","status-publish","hentry"],"yoast_head":"<!-- This site is optimized with the Yoast SEO plugin v27.4 - https:\/\/yoast.com\/product\/yoast-seo-wordpress\/ -->\n<title>YES DOG PARC - YES DOG EDUCATION<\/title>\n<meta name=\"description\" content=\"\u00e9ducateur canin \u00e9cole du chiot chiens adultes \u00e9ducation et r\u00e9\u00e9ducation melun fontainebleau d\u00e9partements 77 91\" \/>\n<meta name=\"robots\" content=\"index, follow, max-snippet:-1, max-image-preview:large, max-video-preview:-1\" \/>\n<link rel=\"canonical\" href=\"https:\/\/yesdogeducation.com\/index.php\/educateur-canin-77-centre-canin\/\" \/>\n<meta property=\"og:locale\" content=\"fr_FR\" \/>\n<meta property=\"og:type\" content=\"article\" \/>\n<meta property=\"og:title\" content=\"YES DOG PARC - YES DOG EDUCATION\" \/>\n<meta property=\"og:description\" content=\"\u00e9ducateur canin \u00e9cole du chiot chiens adultes \u00e9ducation et r\u00e9\u00e9ducation melun fontainebleau d\u00e9partements 77 91\" \/>\n<meta property=\"og:url\" content=\"https:\/\/yesdogeducation.com\/index.php\/educateur-canin-77-centre-canin\/\" \/>\n<meta property=\"og:site_name\" content=\"YES DOG EDUCATION\" \/>\n<meta property=\"article:modified_time\" content=\"2026-04-22T03:23:37+00:00\" \/>\n<meta property=\"og:image\" content=\"https:\/\/yesdogeducation.com\/wp-content\/uploads\/2025\/10\/Design-sans-titre-1.png\" \/>\n\t<meta property=\"og:image:width\" content=\"1536\" \/>\n\t<meta property=\"og:image:height\" content=\"584\" \/>\n\t<meta property=\"og:image:type\" content=\"image\/png\" \/>\n<meta name=\"twitter:card\" content=\"summary_large_image\" \/>\n<meta name=\"twitter:label1\" content=\"Dur\u00e9e de lecture estim\u00e9e\" \/>\n\t<meta name=\"twitter:data1\" content=\"3 minutes\" \/>\n<script type=\"application\/ld+json\" class=\"yoast-schema-graph\">{\"@context\":\"https:\\\/\\\/schema.org\",\"@graph\":[{\"@type\":\"WebPage\",\"@id\":\"https:\\\/\\\/yesdogeducation.com\\\/index.php\\\/educateur-canin-77-centre-canin\\\/\",\"url\":\"https:\\\/\\\/yesdogeducation.com\\\/index.php\\\/educateur-canin-77-centre-canin\\\/\",\"name\":\"YES DOG PARC - YES DOG EDUCATION\",\"isPartOf\":{\"@id\":\"https:\\\/\\\/yesdogeducation.com\\\/#website\"},\"primaryImageOfPage\":{\"@id\":\"https:\\\/\\\/yesdogeducation.com\\\/index.php\\\/educateur-canin-77-centre-canin\\\/#primaryimage\"},\"image\":{\"@id\":\"https:\\\/\\\/yesdogeducation.com\\\/index.php\\\/educateur-canin-77-centre-canin\\\/#primaryimage\"},\"thumbnailUrl\":\"https:\\\/\\\/yesdogeducation.com\\\/wp-content\\\/uploads\\\/2025\\\/10\\\/Design-sans-titre-1.png\",\"datePublished\":\"2024-11-11T16:37:01+00:00\",\"dateModified\":\"2026-04-22T03:23:37+00:00\",\"description\":\"\u00e9ducateur canin \u00e9cole du chiot chiens adultes \u00e9ducation et r\u00e9\u00e9ducation melun fontainebleau d\u00e9partements 77 91\",\"breadcrumb\":{\"@id\":\"https:\\\/\\\/yesdogeducation.com\\\/index.php\\\/educateur-canin-77-centre-canin\\\/#breadcrumb\"},\"inLanguage\":\"fr-FR\",\"potentialAction\":[{\"@type\":\"ReadAction\",\"target\":[\"https:\\\/\\\/yesdogeducation.com\\\/index.php\\\/educateur-canin-77-centre-canin\\\/\"]}]},{\"@type\":\"ImageObject\",\"inLanguage\":\"fr-FR\",\"@id\":\"https:\\\/\\\/yesdogeducation.com\\\/index.php\\\/educateur-canin-77-centre-canin\\\/#primaryimage\",\"url\":\"https:\\\/\\\/yesdogeducation.com\\\/wp-content\\\/uploads\\\/2025\\\/10\\\/Design-sans-titre-1.png\",\"contentUrl\":\"https:\\\/\\\/yesdogeducation.com\\\/wp-content\\\/uploads\\\/2025\\\/10\\\/Design-sans-titre-1.png\",\"width\":1536,\"height\":584},{\"@type\":\"BreadcrumbList\",\"@id\":\"https:\\\/\\\/yesdogeducation.com\\\/index.php\\\/educateur-canin-77-centre-canin\\\/#breadcrumb\",\"itemListElement\":[{\"@type\":\"ListItem\",\"position\":1,\"name\":\"Accueil\",\"item\":\"https:\\\/\\\/yesdogeducation.com\\\/\"},{\"@type\":\"ListItem\",\"position\":2,\"name\":\"YES DOG PARC\"}]},{\"@type\":\"WebSite\",\"@id\":\"https:\\\/\\\/yesdogeducation.com\\\/#website\",\"url\":\"https:\\\/\\\/yesdogeducation.com\\\/\",\"name\":\"YES DOG EDUCATION\",\"description\":\"Educateur canin 77 91 Melun Fontainebleau Corbeil Milly\",\"publisher\":{\"@id\":\"https:\\\/\\\/yesdogeducation.com\\\/#organization\"},\"potentialAction\":[{\"@type\":\"SearchAction\",\"target\":{\"@type\":\"EntryPoint\",\"urlTemplate\":\"https:\\\/\\\/yesdogeducation.com\\\/?s={search_term_string}\"},\"query-input\":{\"@type\":\"PropertyValueSpecification\",\"valueRequired\":true,\"valueName\":\"search_term_string\"}}],\"inLanguage\":\"fr-FR\"},{\"@type\":\"Organization\",\"@id\":\"https:\\\/\\\/yesdogeducation.com\\\/#organization\",\"name\":\"YES DOG EDUCATION\",\"url\":\"https:\\\/\\\/yesdogeducation.com\\\/\",\"logo\":{\"@type\":\"ImageObject\",\"inLanguage\":\"fr-FR\",\"@id\":\"https:\\\/\\\/yesdogeducation.com\\\/#\\\/schema\\\/logo\\\/image\\\/\",\"url\":\"https:\\\/\\\/yesdogeducation.com\\\/wp-content\\\/uploads\\\/2024\\\/11\\\/educateur-canin-melun-logo-1-scaled.png\",\"contentUrl\":\"https:\\\/\\\/yesdogeducation.com\\\/wp-content\\\/uploads\\\/2024\\\/11\\\/educateur-canin-melun-logo-1-scaled.png\",\"width\":2560,\"height\":898,\"caption\":\"YES DOG EDUCATION\"},\"image\":{\"@id\":\"https:\\\/\\\/yesdogeducation.com\\\/#\\\/schema\\\/logo\\\/image\\\/\"}}]}<\/script>\n<!-- \/ Yoast SEO plugin. -->","yoast_head_json":{"title":"YES DOG PARC - YES DOG EDUCATION","description":"\u00e9ducateur canin \u00e9cole du chiot chiens adultes \u00e9ducation et r\u00e9\u00e9ducation melun fontainebleau d\u00e9partements 77 91","robots":{"index":"index","follow":"follow","max-snippet":"max-snippet:-1","max-image-preview":"max-image-preview:large","max-video-preview":"max-video-preview:-1"},"canonical":"https:\/\/yesdogeducation.com\/index.php\/educateur-canin-77-centre-canin\/","og_locale":"fr_FR","og_type":"article","og_title":"YES DOG PARC - YES DOG EDUCATION","og_description":"\u00e9ducateur canin \u00e9cole du chiot chiens adultes \u00e9ducation et r\u00e9\u00e9ducation melun fontainebleau d\u00e9partements 77 91","og_url":"https:\/\/yesdogeducation.com\/index.php\/educateur-canin-77-centre-canin\/","og_site_name":"YES DOG EDUCATION","article_modified_time":"2026-04-22T03:23:37+00:00","og_image":[{"width":1536,"height":584,"url":"https:\/\/yesdogeducation.com\/wp-content\/uploads\/2025\/10\/Design-sans-titre-1.png","type":"image\/png"}],"twitter_card":"summary_large_image","twitter_misc":{"Dur\u00e9e de lecture estim\u00e9e":"3 minutes"},"schema":{"@context":"https:\/\/schema.org","@graph":[{"@type":"WebPage","@id":"https:\/\/yesdogeducation.com\/index.php\/educateur-canin-77-centre-canin\/","url":"https:\/\/yesdogeducation.com\/index.php\/educateur-canin-77-centre-canin\/","name":"YES DOG PARC - YES DOG EDUCATION","isPartOf":{"@id":"https:\/\/yesdogeducation.com\/#website"},"primaryImageOfPage":{"@id":"https:\/\/yesdogeducation.com\/index.php\/educateur-canin-77-centre-canin\/#primaryimage"},"image":{"@id":"https:\/\/yesdogeducation.com\/index.php\/educateur-canin-77-centre-canin\/#primaryimage"},"thumbnailUrl":"https:\/\/yesdogeducation.com\/wp-content\/uploads\/2025\/10\/Design-sans-titre-1.png","datePublished":"2024-11-11T16:37:01+00:00","dateModified":"2026-04-22T03:23:37+00:00","description":"\u00e9ducateur canin \u00e9cole du chiot chiens adultes \u00e9ducation et r\u00e9\u00e9ducation melun fontainebleau d\u00e9partements 77 91","breadcrumb":{"@id":"https:\/\/yesdogeducation.com\/index.php\/educateur-canin-77-centre-canin\/#breadcrumb"},"inLanguage":"fr-FR","potentialAction":[{"@type":"ReadAction","target":["https:\/\/yesdogeducation.com\/index.php\/educateur-canin-77-centre-canin\/"]}]},{"@type":"ImageObject","inLanguage":"fr-FR","@id":"https:\/\/yesdogeducation.com\/index.php\/educateur-canin-77-centre-canin\/#primaryimage","url":"https:\/\/yesdogeducation.com\/wp-content\/uploads\/2025\/10\/Design-sans-titre-1.png","contentUrl":"https:\/\/yesdogeducation.com\/wp-content\/uploads\/2025\/10\/Design-sans-titre-1.png","width":1536,"height":584},{"@type":"BreadcrumbList","@id":"https:\/\/yesdogeducation.com\/index.php\/educateur-canin-77-centre-canin\/#breadcrumb","itemListElement":[{"@type":"ListItem","position":1,"name":"Accueil","item":"https:\/\/yesdogeducation.com\/"},{"@type":"ListItem","position":2,"name":"YES DOG PARC"}]},{"@type":"WebSite","@id":"https:\/\/yesdogeducation.com\/#website","url":"https:\/\/yesdogeducation.com\/","name":"YES DOG EDUCATION","description":"Educateur canin 77 91 Melun Fontainebleau Corbeil Milly","publisher":{"@id":"https:\/\/yesdogeducation.com\/#organization"},"potentialAction":[{"@type":"SearchAction","target":{"@type":"EntryPoint","urlTemplate":"https:\/\/yesdogeducation.com\/?s={search_term_string}"},"query-input":{"@type":"PropertyValueSpecification","valueRequired":true,"valueName":"search_term_string"}}],"inLanguage":"fr-FR"},{"@type":"Organization","@id":"https:\/\/yesdogeducation.com\/#organization","name":"YES DOG EDUCATION","url":"https:\/\/yesdogeducation.com\/","logo":{"@type":"ImageObject","inLanguage":"fr-FR","@id":"https:\/\/yesdogeducation.com\/#\/schema\/logo\/image\/","url":"https:\/\/yesdogeducation.com\/wp-content\/uploads\/2024\/11\/educateur-canin-melun-logo-1-scaled.png","contentUrl":"https:\/\/yesdogeducation.com\/wp-content\/uploads\/2024\/11\/educateur-canin-melun-logo-1-scaled.png","width":2560,"height":898,"caption":"YES DOG EDUCATION"},"image":{"@id":"https:\/\/yesdogeducation.com\/#\/schema\/logo\/image\/"}}]}},"_links":{"self":[{"href":"https:\/\/yesdogeducation.com\/index.php\/wp-json\/wp\/v2\/pages\/287","targetHints":{"allow":["GET"]}}],"collection":[{"href":"https:\/\/yesdogeducation.com\/index.php\/wp-json\/wp\/v2\/pages"}],"about":[{"href":"https:\/\/yesdogeducation.com\/index.php\/wp-json\/wp\/v2\/types\/page"}],"author":[{"embeddable":true,"href":"https:\/\/yesdogeducation.com\/index.php\/wp-json\/wp\/v2\/users\/1"}],"replies":[{"embeddable":true,"href":"https:\/\/yesdogeducation.com\/index.php\/wp-json\/wp\/v2\/comments?post=287"}],"version-history":[{"count":55,"href":"https:\/\/yesdogeducation.com\/index.php\/wp-json\/wp\/v2\/pages\/287\/revisions"}],"predecessor-version":[{"id":2746,"href":"https:\/\/yesdogeducation.com\/index.php\/wp-json\/wp\/v2\/pages\/287\/revisions\/2746"}],"wp:attachment":[{"href":"https:\/\/yesdogeducation.com\/index.php\/wp-json\/wp\/v2\/media?parent=287"}],"curies":[{"name":"wp","href":"https:\/\/api.w.org\/{rel}","templated":true}]}}