{"id":2474,"date":"2026-04-20T13:45:07","date_gmt":"2026-04-20T11:45:07","guid":{"rendered":"https:\/\/yesdogeducation.com\/?page_id=2474"},"modified":"2026-04-22T05:05:53","modified_gmt":"2026-04-22T03:05:53","slug":"articles-education-canine-seine-et-marne-77-melun-fontainebleau","status":"publish","type":"page","link":"https:\/\/yesdogeducation.com\/index.php\/articles-education-canine-seine-et-marne-77-melun-fontainebleau\/","title":{"rendered":"BLOG PAGE"},"content":{"rendered":"\n<div class=\"wp-block-query is-layout-flow wp-block-query-is-layout-flow\">\n<div class=\"wp-block-cover has-custom-content-position is-position-center-left has-aspect-ratio\" style=\"margin-top:0;margin-bottom:0;padding-left:var(--wp--preset--spacing--30);min-height:772px;aspect-ratio:auto;min-height:unset;\"><img fetchpriority=\"high\" decoding=\"async\" width=\"2000\" height=\"1414\" class=\"wp-block-cover__image-background wp-image-2162 size-full\" alt=\"\" src=\"https:\/\/yesdogeducation.com\/wp-content\/uploads\/2024\/11\/educateur-canin-77-border.png\" style=\"object-position:9% 19%\" data-object-fit=\"cover\" data-object-position=\"9% 19%\" srcset=\"https:\/\/yesdogeducation.com\/wp-content\/uploads\/2024\/11\/educateur-canin-77-border.png 2000w, https:\/\/yesdogeducation.com\/wp-content\/uploads\/2024\/11\/educateur-canin-77-border-300x212.png 300w, https:\/\/yesdogeducation.com\/wp-content\/uploads\/2024\/11\/educateur-canin-77-border-1024x724.png 1024w, https:\/\/yesdogeducation.com\/wp-content\/uploads\/2024\/11\/educateur-canin-77-border-768x543.png 768w, https:\/\/yesdogeducation.com\/wp-content\/uploads\/2024\/11\/educateur-canin-77-border-1536x1086.png 1536w\" sizes=\"(max-width: 2000px) 100vw, 2000px\" \/><span aria-hidden=\"true\" class=\"wp-block-cover__background has-black-background-color has-background-dim-30 has-background-dim\"><\/span><div class=\"wp-block-cover__inner-container has-global-padding is-layout-constrained wp-container-core-cover-is-layout-350ab445 wp-block-cover-is-layout-constrained\">\n<figure class=\"wp-block-image aligncenter size-large is-resized has-custom-border wow animate__animated animate__slideInUp wp-duotone-unset-1\" style=\"margin-top:var(--wp--preset--spacing--10)\"><img decoding=\"async\" width=\"1024\" height=\"389\" src=\"https:\/\/yesdogeducation.com\/wp-content\/uploads\/2025\/10\/Design-sans-titre-1-1024x389.png\" alt=\"\" class=\"wp-image-1125\" style=\"border-style:none;border-width:0px;border-top-left-radius:27px;border-top-right-radius:27px;border-bottom-left-radius:27px;border-bottom-right-radius:27px;width:692px;height:auto\" srcset=\"https:\/\/yesdogeducation.com\/wp-content\/uploads\/2025\/10\/Design-sans-titre-1-1024x389.png 1024w, https:\/\/yesdogeducation.com\/wp-content\/uploads\/2025\/10\/Design-sans-titre-1-300x114.png 300w, https:\/\/yesdogeducation.com\/wp-content\/uploads\/2025\/10\/Design-sans-titre-1-768x292.png 768w, https:\/\/yesdogeducation.com\/wp-content\/uploads\/2025\/10\/Design-sans-titre-1.png 1536w\" sizes=\"(max-width: 1024px) 100vw, 1024px\" \/><\/figure>\n\n\n\n<h1 class=\"wp-block-heading alignfull has-text-align-center has-white-color has-text-color has-link-color wp-elements-a484605f9a36b137d97e76114ca97e7a\" style=\"margin-top:var(--wp--preset--spacing--30);margin-bottom:var(--wp--preset--spacing--40);margin-left:0;font-size:clamp(1.039rem, 1.039rem + ((1vw - 0.2rem) * 1.001), 1.6rem);\">Educateur canin comportementaliste en Seine et Marne (77) Essonne (91) Melun Fontainebleau Corbeil Milly<\/h1>\n\n\n\n<div class=\"wp-block-buttons is-content-justification-center is-layout-flex wp-container-core-buttons-is-layout-faa278fe wp-block-buttons-is-layout-flex\" style=\"border-style:none;border-width:0px;margin-top:0px;margin-bottom:var(--wp--preset--spacing--10);padding-top:0;padding-bottom:0\">\n<div class=\"wp-block-button is-style-fill\"><a class=\"wp-block-button__link has-text-color has-background has-link-color has-border-color has-text-align-center has-custom-font-size wp-element-button\" href=\"https:\/\/yesdogeducation.com\/index.php\/articles-education-canine-seine-et-marne-77-melun-fontainebleau\/\" style=\"border-color:#9bc834;border-width:2px;border-top-left-radius:22px;border-top-right-radius:22px;border-bottom-left-radius:22px;border-bottom-right-radius:22px;color:#abcc4f;background-color:#00000059;padding-top:0rem;padding-right:var(--wp--preset--spacing--30);padding-bottom:0rem;padding-left:var(--wp--preset--spacing--30);font-size:clamp(39.963px, 2.498rem + ((1vw - 3.2px) * 3.906), 75px);\">Le <strong>BLOG<\/strong><\/a><\/div>\n<\/div>\n\n\n\n<h2 class=\"wp-block-heading alignfull has-text-align-center has-text-color has-link-color wp-elements-cf0a70a604782f1a3cecb457a4b9a9f1\" style=\"color:#90c328;margin-top:0;margin-right:0;margin-bottom:var(--wp--preset--spacing--20);margin-left:0;padding-right:0;padding-left:0;font-size:clamp(14px, 0.875rem + ((1vw - 3.2px) * 0.669), 20px);\">Retrouvez nos derniers <strong>articles et conseils<\/strong> sur l&rsquo;\u00e9ducation canine<\/h2>\n<\/div><\/div>\n\n\n<ul style=\"border-style:none;border-width:0px; margin-top:0.4rem;margin-right:0.4rem;margin-left:0.4rem;\" class=\"columns-4 wp-block-post-template has-medium-font-size is-layout-grid wp-container-core-post-template-is-layout-6a8cfbd0 wp-block-post-template-is-layout-grid\"><li class=\"wp-block-post post-2825 post type-post status-publish format-standard hentry category-cours-particuliers category-education category-ethologie category-reactivite tag-bien-etre-du-chien tag-cours-particuliers tag-education-canine tag-reactivite\">\n\n<div class=\"wp-block-group has-border-color has-white-border-color has-background is-layout-flow wp-block-group-is-layout-flow\" style=\"border-width:5px;border-top-left-radius:37px;border-top-right-radius:37px;border-bottom-left-radius:37px;border-bottom-right-radius:37px;background-color:#e5e5da;padding-top:30px;padding-right:30px;padding-bottom:30px;padding-left:30px\"><h2 class=\"wp-block-post-title has-mdm-large-font-size\"><a href=\"https:\/\/yesdogeducation.com\/index.php\/2026\/04\/27\/chien-reactif-en-laisse-les-5-erreurs-qui-aggravent-le-probleme\/\" target=\"_self\" >Chien r\u00e9actif en laisse : les 5 erreurs qui aggravent le probl\u00e8me<\/a><\/h2>\n\n\n<div class=\"wp-block-columns has-sml-medium-font-size is-layout-flex wp-container-core-columns-is-layout-28f84493 wp-block-columns-is-layout-flex\">\n<div class=\"wp-block-column is-layout-flow wp-block-column-is-layout-flow\" style=\"flex-basis:100%\"><\/div>\n<\/div>\n\n\n<div class=\"wp-block-post-date\"><time datetime=\"2026-04-27T08:17:09+02:00\">27 avril 2026<\/time><\/div><\/div>\n\n<\/li><li class=\"wp-block-post post-2535 post type-post status-publish format-standard hentry category-cours-collectifs category-education tag-bien-etre-du-chien tag-cognition-canine tag-cours-collectifs tag-education-canine tag-seine-et-marne\">\n\n<div class=\"wp-block-group has-border-color has-white-border-color has-background is-layout-flow wp-block-group-is-layout-flow\" style=\"border-width:5px;border-top-left-radius:37px;border-top-right-radius:37px;border-bottom-left-radius:37px;border-bottom-right-radius:37px;background-color:#e5e5da;padding-top:30px;padding-right:30px;padding-bottom:30px;padding-left:30px\"><h2 class=\"wp-block-post-title has-mdm-large-font-size\"><a href=\"https:\/\/yesdogeducation.com\/index.php\/2026\/04\/20\/prochaine-recreaction\/\" target=\"_self\" >Prochaine RECRE&rsquo;ACTION<\/a><\/h2>\n\n\n<div class=\"wp-block-columns has-sml-medium-font-size is-layout-flex wp-container-core-columns-is-layout-28f84493 wp-block-columns-is-layout-flex\">\n<div class=\"wp-block-column is-layout-flow wp-block-column-is-layout-flow\" style=\"flex-basis:100%\"><\/div>\n<\/div>\n\n\n<div class=\"wp-block-post-date\"><time datetime=\"2026-04-20T20:01:51+02:00\">20 avril 2026<\/time><\/div><\/div>\n\n<\/li><li class=\"wp-block-post post-662 post type-post status-publish format-standard hentry category-cours-collectifs category-cours-particuliers category-education category-ethologie tag-bien-etre-du-chien tag-cognition-canine tag-cours-collectifs tag-cours-particuliers tag-education-canine tag-seine-et-marne\">\n\n<div class=\"wp-block-group has-border-color has-white-border-color has-background is-layout-flow wp-block-group-is-layout-flow\" style=\"border-width:5px;border-top-left-radius:37px;border-top-right-radius:37px;border-bottom-left-radius:37px;border-bottom-right-radius:37px;background-color:#e5e5da;padding-top:30px;padding-right:30px;padding-bottom:30px;padding-left:30px\"><h2 class=\"wp-block-post-title has-mdm-large-font-size\"><a href=\"https:\/\/yesdogeducation.com\/index.php\/2025\/11\/10\/olfaction-chien-education-educateur-canin-77\/\" target=\"_self\" >L\u2019olfaction, son pouvoir et ses applications en \u00e9ducation<\/a><\/h2>\n\n\n<div class=\"wp-block-columns has-sml-medium-font-size is-layout-flex wp-container-core-columns-is-layout-28f84493 wp-block-columns-is-layout-flex\">\n<div class=\"wp-block-column is-layout-flow wp-block-column-is-layout-flow\" style=\"flex-basis:100%\"><\/div>\n<\/div>\n\n\n<div class=\"wp-block-post-date\"><time datetime=\"2025-11-10T18:50:38+01:00\">10 novembre 2025<\/time><\/div><\/div>\n\n<\/li><\/ul><\/div>\n\n\n\n<div class=\"wp-block-group sticky-sidebar has-white-background-color has-background is-layout-flow wp-block-group-is-layout-flow\" style=\"padding-top:0;padding-right:0;padding-bottom:0;padding-left:0\">\n<div class=\"wp-block-group has-base-background-color has-background is-layout-flow wp-block-group-is-layout-flow\" style=\"border-radius:10px;padding-top:var(--wp--preset--spacing--10);padding-right:var(--wp--preset--spacing--20);padding-bottom:var(--wp--preset--spacing--10);padding-left:var(--wp--preset--spacing--20)\"><form role=\"search\" method=\"get\" action=\"https:\/\/yesdogeducation.com\/\" class=\"wp-block-search__button-inside wp-block-search__icon-button wp-block-search\"    ><label class=\"wp-block-search__label screen-reader-text\" for=\"wp-block-search__input-2\" >Search<\/label><div class=\"wp-block-search__inside-wrapper\" ><input class=\"wp-block-search__input\" id=\"wp-block-search__input-2\" placeholder=\"Search\" value=\"\" type=\"search\" name=\"s\" required \/><button aria-label=\"Search\" class=\"wp-block-search__button has-icon wp-element-button\" type=\"submit\" ><svg class=\"search-icon\" viewBox=\"0 0 24 24\" width=\"24\" height=\"24\">\n\t\t\t\t\t<path d=\"M13 5c-3.3 0-6 2.7-6 6 0 1.4.5 2.7 1.3 3.7l-3.8 3.8 1.1 1.1 3.8-3.8c1 .8 2.3 1.3 3.7 1.3 3.3 0 6-2.7 6-6S16.3 5 13 5zm0 10.5c-2.5 0-4.5-2-4.5-4.5s2-4.5 4.5-4.5 4.5 2 4.5 4.5-2 4.5-4.5 4.5z\"><\/path>\n\t\t\t\t<\/svg><\/button><\/div><\/form><\/div>\n\n\n\n<div class=\"wp-block-group has-background has-medium-font-size is-layout-flow wp-block-group-is-layout-flow\" style=\"border-radius:10px;background-color:#e5e5da;padding-top:var(--wp--preset--spacing--10);padding-right:var(--wp--preset--spacing--20);padding-bottom:var(--wp--preset--spacing--10);padding-left:var(--wp--preset--spacing--20)\">\n<h4 class=\"wp-block-heading\" style=\"margin-top:0;font-style:normal;font-weight:700\">Derniers articles<\/h4>\n\n\n<ul style=\"font-style:normal;font-weight:700; margin-top:var(--wp--preset--spacing--10);margin-bottom:var(--wp--preset--spacing--10);\" class=\"wp-block-latest-posts__list wp-block-latest-posts has-medium-font-size\"><li><a class=\"wp-block-latest-posts__post-title\" href=\"https:\/\/yesdogeducation.com\/index.php\/2026\/04\/27\/chien-reactif-en-laisse-les-5-erreurs-qui-aggravent-le-probleme\/\">Chien r\u00e9actif en laisse : les 5 erreurs qui aggravent le probl\u00e8me<\/a><\/li>\n<li><a class=\"wp-block-latest-posts__post-title\" href=\"https:\/\/yesdogeducation.com\/index.php\/2026\/04\/20\/prochaine-recreaction\/\">Prochaine RECRE&rsquo;ACTION<\/a><\/li>\n<li><a class=\"wp-block-latest-posts__post-title\" href=\"https:\/\/yesdogeducation.com\/index.php\/2025\/11\/10\/olfaction-chien-education-educateur-canin-77\/\">L\u2019olfaction, son pouvoir et ses applications en \u00e9ducation<\/a><\/li>\n<\/ul><\/div>\n\n\n\n<div class=\"wp-block-group has-base-background-color has-background is-layout-flow wp-block-group-is-layout-flow\" style=\"border-radius:10px;padding-top:var(--wp--preset--spacing--10);padding-right:var(--wp--preset--spacing--20);padding-bottom:var(--wp--preset--spacing--10);padding-left:var(--wp--preset--spacing--20)\">\n<h4 class=\"wp-block-heading\" style=\"margin-top:0;margin-bottom:var(--wp--preset--spacing--10);font-style:normal;font-weight:700\">Cat\u00e9gories<\/h4>\n\n\n<ul class=\"wp-block-categories-list wp-block-categories has-sml-medium-font-size\">\t<li class=\"cat-item cat-item-7\"><a href=\"https:\/\/yesdogeducation.com\/index.php\/category\/cours-collectifs\/\">Cours collectifs<\/a>\n<\/li>\n\t<li class=\"cat-item cat-item-19\"><a href=\"https:\/\/yesdogeducation.com\/index.php\/category\/cours-particuliers\/\">Cours particuliers<\/a>\n<\/li>\n\t<li class=\"cat-item cat-item-15\"><a href=\"https:\/\/yesdogeducation.com\/index.php\/category\/education\/\">Education<\/a>\n<\/li>\n\t<li class=\"cat-item cat-item-14\"><a href=\"https:\/\/yesdogeducation.com\/index.php\/category\/ethologie\/\">Ethologie<\/a>\n<\/li>\n\t<li class=\"cat-item cat-item-21\"><a href=\"https:\/\/yesdogeducation.com\/index.php\/category\/reactivite\/\">R\u00e9activit\u00e9<\/a>\n<\/li>\n<\/ul><\/div>\n\n\n\n<div class=\"wp-block-group has-base-background-color has-background is-layout-flow wp-block-group-is-layout-flow\" style=\"border-radius:10px;padding-top:var(--wp--preset--spacing--10);padding-right:var(--wp--preset--spacing--20);padding-bottom:var(--wp--preset--spacing--10);padding-left:var(--wp--preset--spacing--20)\">\n<h4 class=\"wp-block-heading\" style=\"margin-bottom:var(--wp--preset--spacing--10);font-style:normal;font-weight:700\">Tags<\/h4>\n\n\n<p class=\"is-style-default wp-block-tag-cloud\"><a href=\"https:\/\/yesdogeducation.com\/index.php\/tag\/bien-etre-du-chien\/\" class=\"tag-cloud-link tag-link-17 tag-link-position-1\" style=\"font-size: 22pt;\" aria-label=\"bien-\u00eatre du chien (3 \u00e9l\u00e9ments)\">bien-\u00eatre du chien<\/a>\n<a href=\"https:\/\/yesdogeducation.com\/index.php\/tag\/cognition-canine\/\" class=\"tag-cloud-link tag-link-18 tag-link-position-2\" style=\"font-size: 16.44pt;\" aria-label=\"cognition canine (2 \u00e9l\u00e9ments)\">cognition canine<\/a>\n<a href=\"https:\/\/yesdogeducation.com\/index.php\/tag\/cours-collectifs\/\" class=\"tag-cloud-link tag-link-9 tag-link-position-3\" style=\"font-size: 16.44pt;\" aria-label=\"cours collectifs (2 \u00e9l\u00e9ments)\">cours collectifs<\/a>\n<a href=\"https:\/\/yesdogeducation.com\/index.php\/tag\/cours-particuliers\/\" class=\"tag-cloud-link tag-link-16 tag-link-position-4\" style=\"font-size: 16.44pt;\" aria-label=\"cours particuliers (2 \u00e9l\u00e9ments)\">cours particuliers<\/a>\n<a href=\"https:\/\/yesdogeducation.com\/index.php\/tag\/reactivite\/\" class=\"tag-cloud-link tag-link-20 tag-link-position-5\" style=\"font-size: 8.1pt;\" aria-label=\"R\u00e9activit\u00e9 (1 \u00e9l\u00e9ment)\">R\u00e9activit\u00e9<\/a>\n<a href=\"https:\/\/yesdogeducation.com\/index.php\/tag\/seine-et-marne\/\" class=\"tag-cloud-link tag-link-10 tag-link-position-6\" style=\"font-size: 16.44pt;\" aria-label=\"seine et marne (2 \u00e9l\u00e9ments)\">seine et marne<\/a>\n<a href=\"https:\/\/yesdogeducation.com\/index.php\/tag\/education-canine\/\" class=\"tag-cloud-link tag-link-8 tag-link-position-7\" style=\"font-size: 22pt;\" aria-label=\"\u00e9ducation canine (3 \u00e9l\u00e9ments)\">\u00e9ducation canine<\/a><\/p><\/div>\n<\/div>\n","protected":false},"excerpt":{"rendered":"<p>Derniers articles Cat\u00e9gories Tags<\/p>\n","protected":false},"author":1,"featured_media":0,"parent":0,"menu_order":0,"comment_status":"closed","ping_status":"closed","template":"full-width","meta":{"footnotes":""},"class_list":["post-2474","page","type-page","status-publish","hentry"],"yoast_head":"<!-- This site is optimized with the Yoast SEO plugin v27.4 - https:\/\/yoast.com\/product\/yoast-seo-wordpress\/ -->\n<title>BLOG PAGE - YES DOG EDUCATION<\/title>\n<meta name=\"description\" content=\"D\u00e9couvrez des articles \u00e9ducation canine pour am\u00e9liorer la relation avec votre chien et renforcer son apprentissage. Educateur canin 77\" \/>\n<meta name=\"robots\" content=\"index, follow, max-snippet:-1, max-image-preview:large, max-video-preview:-1\" \/>\n<link rel=\"canonical\" href=\"https:\/\/yesdogeducation.com\/index.php\/articles-education-canine-seine-et-marne-77-melun-fontainebleau\/\" \/>\n<meta property=\"og:locale\" content=\"fr_FR\" \/>\n<meta property=\"og:type\" content=\"article\" \/>\n<meta property=\"og:title\" content=\"articles-education-canine-seine-et-marne-77-melun-fontainebleau\" \/>\n<meta property=\"og:description\" content=\"D\u00e9couvrez des articles \u00e9ducation canine pour am\u00e9liorer le comportement de votre chien et renforcer votre complicit\u00e9. Educateur canin 77 Melun Fontainebleau\" \/>\n<meta property=\"og:url\" content=\"https:\/\/yesdogeducation.com\/index.php\/articles-education-canine-seine-et-marne-77-melun-fontainebleau\/\" \/>\n<meta property=\"og:site_name\" content=\"YES DOG EDUCATION\" \/>\n<meta property=\"article:modified_time\" content=\"2026-04-22T03:05:53+00:00\" \/>\n<meta property=\"og:image\" content=\"https:\/\/yesdogeducation.com\/wp-content\/uploads\/2024\/11\/cropped-educateur-canin-melun-logo-1-scaled-2.png\" \/>\n\t<meta property=\"og:image:width\" content=\"512\" \/>\n\t<meta property=\"og:image:height\" content=\"512\" \/>\n\t<meta property=\"og:image:type\" content=\"image\/png\" \/>\n<meta name=\"twitter:card\" content=\"summary_large_image\" \/>\n<meta name=\"twitter:label1\" content=\"Dur\u00e9e de lecture estim\u00e9e\" \/>\n\t<meta name=\"twitter:data1\" content=\"1 minute\" \/>\n<script type=\"application\/ld+json\" class=\"yoast-schema-graph\">{\"@context\":\"https:\\\/\\\/schema.org\",\"@graph\":[{\"@type\":\"WebPage\",\"@id\":\"https:\\\/\\\/yesdogeducation.com\\\/index.php\\\/articles-education-canine-seine-et-marne-77-melun-fontainebleau\\\/\",\"url\":\"https:\\\/\\\/yesdogeducation.com\\\/index.php\\\/articles-education-canine-seine-et-marne-77-melun-fontainebleau\\\/\",\"name\":\"BLOG PAGE - YES DOG EDUCATION\",\"isPartOf\":{\"@id\":\"https:\\\/\\\/yesdogeducation.com\\\/#website\"},\"primaryImageOfPage\":{\"@id\":\"https:\\\/\\\/yesdogeducation.com\\\/index.php\\\/articles-education-canine-seine-et-marne-77-melun-fontainebleau\\\/#primaryimage\"},\"image\":{\"@id\":\"https:\\\/\\\/yesdogeducation.com\\\/index.php\\\/articles-education-canine-seine-et-marne-77-melun-fontainebleau\\\/#primaryimage\"},\"thumbnailUrl\":\"https:\\\/\\\/yesdogeducation.com\\\/wp-content\\\/uploads\\\/2024\\\/11\\\/educateur-canin-77-border.png\",\"datePublished\":\"2026-04-20T11:45:07+00:00\",\"dateModified\":\"2026-04-22T03:05:53+00:00\",\"description\":\"D\u00e9couvrez des articles \u00e9ducation canine pour am\u00e9liorer la relation avec votre chien et renforcer son apprentissage. Educateur canin 77\",\"breadcrumb\":{\"@id\":\"https:\\\/\\\/yesdogeducation.com\\\/index.php\\\/articles-education-canine-seine-et-marne-77-melun-fontainebleau\\\/#breadcrumb\"},\"inLanguage\":\"fr-FR\",\"potentialAction\":[{\"@type\":\"ReadAction\",\"target\":[\"https:\\\/\\\/yesdogeducation.com\\\/index.php\\\/articles-education-canine-seine-et-marne-77-melun-fontainebleau\\\/\"]}]},{\"@type\":\"ImageObject\",\"inLanguage\":\"fr-FR\",\"@id\":\"https:\\\/\\\/yesdogeducation.com\\\/index.php\\\/articles-education-canine-seine-et-marne-77-melun-fontainebleau\\\/#primaryimage\",\"url\":\"https:\\\/\\\/yesdogeducation.com\\\/wp-content\\\/uploads\\\/2024\\\/11\\\/educateur-canin-77-border.png\",\"contentUrl\":\"https:\\\/\\\/yesdogeducation.com\\\/wp-content\\\/uploads\\\/2024\\\/11\\\/educateur-canin-77-border.png\",\"width\":2000,\"height\":1414},{\"@type\":\"BreadcrumbList\",\"@id\":\"https:\\\/\\\/yesdogeducation.com\\\/index.php\\\/articles-education-canine-seine-et-marne-77-melun-fontainebleau\\\/#breadcrumb\",\"itemListElement\":[{\"@type\":\"ListItem\",\"position\":1,\"name\":\"Accueil\",\"item\":\"https:\\\/\\\/yesdogeducation.com\\\/\"},{\"@type\":\"ListItem\",\"position\":2,\"name\":\"BLOG PAGE\"}]},{\"@type\":\"WebSite\",\"@id\":\"https:\\\/\\\/yesdogeducation.com\\\/#website\",\"url\":\"https:\\\/\\\/yesdogeducation.com\\\/\",\"name\":\"YES DOG EDUCATION\",\"description\":\"Educateur canin 77 91 Melun Fontainebleau Corbeil Milly\",\"publisher\":{\"@id\":\"https:\\\/\\\/yesdogeducation.com\\\/#organization\"},\"potentialAction\":[{\"@type\":\"SearchAction\",\"target\":{\"@type\":\"EntryPoint\",\"urlTemplate\":\"https:\\\/\\\/yesdogeducation.com\\\/?s={search_term_string}\"},\"query-input\":{\"@type\":\"PropertyValueSpecification\",\"valueRequired\":true,\"valueName\":\"search_term_string\"}}],\"inLanguage\":\"fr-FR\"},{\"@type\":\"Organization\",\"@id\":\"https:\\\/\\\/yesdogeducation.com\\\/#organization\",\"name\":\"YES DOG EDUCATION\",\"url\":\"https:\\\/\\\/yesdogeducation.com\\\/\",\"logo\":{\"@type\":\"ImageObject\",\"inLanguage\":\"fr-FR\",\"@id\":\"https:\\\/\\\/yesdogeducation.com\\\/#\\\/schema\\\/logo\\\/image\\\/\",\"url\":\"https:\\\/\\\/yesdogeducation.com\\\/wp-content\\\/uploads\\\/2024\\\/11\\\/educateur-canin-melun-logo-1-scaled.png\",\"contentUrl\":\"https:\\\/\\\/yesdogeducation.com\\\/wp-content\\\/uploads\\\/2024\\\/11\\\/educateur-canin-melun-logo-1-scaled.png\",\"width\":2560,\"height\":898,\"caption\":\"YES DOG EDUCATION\"},\"image\":{\"@id\":\"https:\\\/\\\/yesdogeducation.com\\\/#\\\/schema\\\/logo\\\/image\\\/\"}}]}<\/script>\n<!-- \/ Yoast SEO plugin. -->","yoast_head_json":{"title":"BLOG PAGE - YES DOG EDUCATION","description":"D\u00e9couvrez des articles \u00e9ducation canine pour am\u00e9liorer la relation avec votre chien et renforcer son apprentissage. Educateur canin 77","robots":{"index":"index","follow":"follow","max-snippet":"max-snippet:-1","max-image-preview":"max-image-preview:large","max-video-preview":"max-video-preview:-1"},"canonical":"https:\/\/yesdogeducation.com\/index.php\/articles-education-canine-seine-et-marne-77-melun-fontainebleau\/","og_locale":"fr_FR","og_type":"article","og_title":"articles-education-canine-seine-et-marne-77-melun-fontainebleau","og_description":"D\u00e9couvrez des articles \u00e9ducation canine pour am\u00e9liorer le comportement de votre chien et renforcer votre complicit\u00e9. Educateur canin 77 Melun Fontainebleau","og_url":"https:\/\/yesdogeducation.com\/index.php\/articles-education-canine-seine-et-marne-77-melun-fontainebleau\/","og_site_name":"YES DOG EDUCATION","article_modified_time":"2026-04-22T03:05:53+00:00","og_image":[{"width":512,"height":512,"url":"https:\/\/yesdogeducation.com\/wp-content\/uploads\/2024\/11\/cropped-educateur-canin-melun-logo-1-scaled-2.png","type":"image\/png"}],"twitter_card":"summary_large_image","twitter_misc":{"Dur\u00e9e de lecture estim\u00e9e":"1 minute"},"schema":{"@context":"https:\/\/schema.org","@graph":[{"@type":"WebPage","@id":"https:\/\/yesdogeducation.com\/index.php\/articles-education-canine-seine-et-marne-77-melun-fontainebleau\/","url":"https:\/\/yesdogeducation.com\/index.php\/articles-education-canine-seine-et-marne-77-melun-fontainebleau\/","name":"BLOG PAGE - YES DOG EDUCATION","isPartOf":{"@id":"https:\/\/yesdogeducation.com\/#website"},"primaryImageOfPage":{"@id":"https:\/\/yesdogeducation.com\/index.php\/articles-education-canine-seine-et-marne-77-melun-fontainebleau\/#primaryimage"},"image":{"@id":"https:\/\/yesdogeducation.com\/index.php\/articles-education-canine-seine-et-marne-77-melun-fontainebleau\/#primaryimage"},"thumbnailUrl":"https:\/\/yesdogeducation.com\/wp-content\/uploads\/2024\/11\/educateur-canin-77-border.png","datePublished":"2026-04-20T11:45:07+00:00","dateModified":"2026-04-22T03:05:53+00:00","description":"D\u00e9couvrez des articles \u00e9ducation canine pour am\u00e9liorer la relation avec votre chien et renforcer son apprentissage. Educateur canin 77","breadcrumb":{"@id":"https:\/\/yesdogeducation.com\/index.php\/articles-education-canine-seine-et-marne-77-melun-fontainebleau\/#breadcrumb"},"inLanguage":"fr-FR","potentialAction":[{"@type":"ReadAction","target":["https:\/\/yesdogeducation.com\/index.php\/articles-education-canine-seine-et-marne-77-melun-fontainebleau\/"]}]},{"@type":"ImageObject","inLanguage":"fr-FR","@id":"https:\/\/yesdogeducation.com\/index.php\/articles-education-canine-seine-et-marne-77-melun-fontainebleau\/#primaryimage","url":"https:\/\/yesdogeducation.com\/wp-content\/uploads\/2024\/11\/educateur-canin-77-border.png","contentUrl":"https:\/\/yesdogeducation.com\/wp-content\/uploads\/2024\/11\/educateur-canin-77-border.png","width":2000,"height":1414},{"@type":"BreadcrumbList","@id":"https:\/\/yesdogeducation.com\/index.php\/articles-education-canine-seine-et-marne-77-melun-fontainebleau\/#breadcrumb","itemListElement":[{"@type":"ListItem","position":1,"name":"Accueil","item":"https:\/\/yesdogeducation.com\/"},{"@type":"ListItem","position":2,"name":"BLOG PAGE"}]},{"@type":"WebSite","@id":"https:\/\/yesdogeducation.com\/#website","url":"https:\/\/yesdogeducation.com\/","name":"YES DOG EDUCATION","description":"Educateur canin 77 91 Melun Fontainebleau Corbeil Milly","publisher":{"@id":"https:\/\/yesdogeducation.com\/#organization"},"potentialAction":[{"@type":"SearchAction","target":{"@type":"EntryPoint","urlTemplate":"https:\/\/yesdogeducation.com\/?s={search_term_string}"},"query-input":{"@type":"PropertyValueSpecification","valueRequired":true,"valueName":"search_term_string"}}],"inLanguage":"fr-FR"},{"@type":"Organization","@id":"https:\/\/yesdogeducation.com\/#organization","name":"YES DOG EDUCATION","url":"https:\/\/yesdogeducation.com\/","logo":{"@type":"ImageObject","inLanguage":"fr-FR","@id":"https:\/\/yesdogeducation.com\/#\/schema\/logo\/image\/","url":"https:\/\/yesdogeducation.com\/wp-content\/uploads\/2024\/11\/educateur-canin-melun-logo-1-scaled.png","contentUrl":"https:\/\/yesdogeducation.com\/wp-content\/uploads\/2024\/11\/educateur-canin-melun-logo-1-scaled.png","width":2560,"height":898,"caption":"YES DOG EDUCATION"},"image":{"@id":"https:\/\/yesdogeducation.com\/#\/schema\/logo\/image\/"}}]}},"_links":{"self":[{"href":"https:\/\/yesdogeducation.com\/index.php\/wp-json\/wp\/v2\/pages\/2474","targetHints":{"allow":["GET"]}}],"collection":[{"href":"https:\/\/yesdogeducation.com\/index.php\/wp-json\/wp\/v2\/pages"}],"about":[{"href":"https:\/\/yesdogeducation.com\/index.php\/wp-json\/wp\/v2\/types\/page"}],"author":[{"embeddable":true,"href":"https:\/\/yesdogeducation.com\/index.php\/wp-json\/wp\/v2\/users\/1"}],"replies":[{"embeddable":true,"href":"https:\/\/yesdogeducation.com\/index.php\/wp-json\/wp\/v2\/comments?post=2474"}],"version-history":[{"count":50,"href":"https:\/\/yesdogeducation.com\/index.php\/wp-json\/wp\/v2\/pages\/2474\/revisions"}],"predecessor-version":[{"id":2750,"href":"https:\/\/yesdogeducation.com\/index.php\/wp-json\/wp\/v2\/pages\/2474\/revisions\/2750"}],"wp:attachment":[{"href":"https:\/\/yesdogeducation.com\/index.php\/wp-json\/wp\/v2\/media?parent=2474"}],"curies":[{"name":"wp","href":"https:\/\/api.w.org\/{rel}","templated":true}]}}