{"id":2260,"date":"2026-04-19T19:37:41","date_gmt":"2026-04-19T17:37:41","guid":{"rendered":"https:\/\/yesdogeducation.com\/?page_id=2260"},"modified":"2026-04-22T04:39:47","modified_gmt":"2026-04-22T02:39:47","slug":"balade-collective-de-chien-educateur-canin-77","status":"publish","type":"page","link":"https:\/\/yesdogeducation.com\/index.php\/balade-collective-de-chien-educateur-canin-77\/","title":{"rendered":"BALADES"},"content":{"rendered":"\n<div class=\"wp-block-cover has-custom-content-position is-position-center-left has-aspect-ratio\" style=\"margin-top:0;margin-bottom:0;min-height:772px;aspect-ratio:auto;min-height:unset;\"><img fetchpriority=\"high\" decoding=\"async\" width=\"1080\" height=\"1350\" class=\"wp-block-cover__image-background wp-image-2280 size-full\" alt=\"\" src=\"https:\/\/yesdogeducation.com\/wp-content\/uploads\/2026\/04\/balade-collective-chiens-educateur-canin-77.png\" data-object-fit=\"cover\" srcset=\"https:\/\/yesdogeducation.com\/wp-content\/uploads\/2026\/04\/balade-collective-chiens-educateur-canin-77.png 1080w, https:\/\/yesdogeducation.com\/wp-content\/uploads\/2026\/04\/balade-collective-chiens-educateur-canin-77-240x300.png 240w, https:\/\/yesdogeducation.com\/wp-content\/uploads\/2026\/04\/balade-collective-chiens-educateur-canin-77-819x1024.png 819w, https:\/\/yesdogeducation.com\/wp-content\/uploads\/2026\/04\/balade-collective-chiens-educateur-canin-77-768x960.png 768w\" sizes=\"(max-width: 1080px) 100vw, 1080px\" \/><span aria-hidden=\"true\" class=\"wp-block-cover__background has-black-background-color has-background-dim\"><\/span><div class=\"wp-block-cover__inner-container has-global-padding is-layout-constrained wp-container-core-cover-is-layout-be04af43 wp-block-cover-is-layout-constrained\">\n<figure class=\"wp-block-image size-large is-resized has-custom-border wow animate__animated animate__slideInUp wp-duotone-unset-1\" style=\"margin-bottom:var(--wp--preset--spacing--30)\"><img decoding=\"async\" width=\"1024\" height=\"389\" src=\"https:\/\/yesdogeducation.com\/wp-content\/uploads\/2025\/10\/Design-sans-titre-1-1024x389.png\" alt=\"\" class=\"wp-image-1125\" style=\"border-style:none;border-width:0px;border-top-left-radius:27px;border-top-right-radius:27px;border-bottom-left-radius:27px;border-bottom-right-radius:27px;aspect-ratio:2.622950819672131;object-fit:cover;width:673px\" srcset=\"https:\/\/yesdogeducation.com\/wp-content\/uploads\/2025\/10\/Design-sans-titre-1-1024x389.png 1024w, https:\/\/yesdogeducation.com\/wp-content\/uploads\/2025\/10\/Design-sans-titre-1-300x114.png 300w, https:\/\/yesdogeducation.com\/wp-content\/uploads\/2025\/10\/Design-sans-titre-1-768x292.png 768w, https:\/\/yesdogeducation.com\/wp-content\/uploads\/2025\/10\/Design-sans-titre-1.png 1536w\" sizes=\"(max-width: 1024px) 100vw, 1024px\" \/><\/figure>\n\n\n\n<p style=\"margin-top:0;margin-bottom:0\"><\/p>\n\n\n\n<div class=\"wp-block-group wow animate__animated animate__slideInUp has-global-padding is-content-justification-left is-layout-constrained wp-container-core-group-is-layout-bc263221 wp-block-group-is-layout-constrained\" style=\"margin-top:0px;padding-top:0;padding-right:0;padding-bottom:0;padding-left:0\">\n<h1 class=\"wp-block-heading\" style=\"margin-left:0;padding-top:0;padding-right:0;padding-bottom:var(--wp--preset--spacing--20);padding-left:var(--wp--preset--spacing--20);font-size:clamp(25.014px, 1.563rem + ((1vw - 3.2px) * 1.894), 42px);\">Loisirs canins en Seine et Marne (77) Melun Fontainebleau<\/h1>\n\n\n\n<p class=\"has-text-align-center has-text-color has-link-color wp-elements-adfcd0e82b6015150d974bd8442b95f5\" style=\"color:#ffa500;padding-right:var(--wp--preset--spacing--10);padding-left:var(--wp--preset--spacing--10);font-size:clamp(33.419px, 2.089rem + ((1vw - 3.2px) * 2.963), 60px);\">Les balades <strong>NATURE &amp; CHIENS<\/strong><\/p>\n\n\n\n<h2 class=\"wp-block-heading has-mdm-large-font-size\" style=\"padding-right:var(--wp--preset--spacing--10);padding-left:var(--wp--preset--spacing--10)\">Mini-conf\u00e9rences naturalistes en for\u00eat de Fontainebleau <strong>&amp;<\/strong> balades canines collectives et \u00e9ducatives<\/h2>\n\n\n\n<h3 class=\"wp-block-heading has-text-align-left has-text-color has-link-color has-medium-font-size wp-elements-19a3886218b965006324950e89fc96e2\" style=\"color:#c1dd31;margin-left:0;padding-top:var(--wp--preset--spacing--20);padding-bottom:var(--wp--preset--spacing--20);padding-left:var(--wp--preset--spacing--10)\">Au fil d\u2019une promenade avec votre chien au coeur des plus beaux massifs de la for\u00eat de Fontainebleau, vivez une exp\u00e9rience en deux temps :<\/h3>\n\n\n\n<h3 class=\"wp-block-heading has-text-align-left has-text-color has-link-color has-medium-font-size wp-elements-b582fffbfec4dae83d635ee1617669bd\" style=\"color:#c1dd31;padding-right:var(--wp--preset--spacing--10);padding-left:var(--wp--preset--spacing--10)\"><strong>La mini-conf\u00e9rence<\/strong> : d\u00e9couvrez l\u2019histoire de la for\u00eat, ses rochers embl\u00e9matiques, ses arbres remarquables, sa faune, sa flore et leurs \u00e9quilibres fragiles.<\/h3>\n\n\n\n<h3 class=\"wp-block-heading has-text-align-left has-text-color has-link-color has-medium-font-size wp-elements-8fa7691b302121955fb74702fbf27266\" style=\"color:#c1dd31;padding-top:var(--wp--preset--spacing--10);padding-right:var(--wp--preset--spacing--10);padding-bottom:var(--wp--preset--spacing--10);padding-left:var(--wp--preset--spacing--10)\">L\u2019accompagnement \u00e9ducatif : renforcez le lien avec votre chien au travers de jeux d\u2019attention et de connexion ainsi que de conseils de gestion en milieu naturel.<\/h3>\n\n\n\n<p class=\"has-text-align-center has-white-color has-text-color has-link-color wp-elements-ed38eeec230baafb8417e8e3fe97312c\" style=\"margin-top:var(--wp--preset--spacing--10);margin-bottom:0;font-size:clamp(22.041px, 1.378rem + ((1vw - 3.2px) * 1.556), 36px);\"><strong>Rendez-vous mensuel     <\/strong><\/p>\n\n\n\n<p class=\"has-text-align-center has-white-color has-text-color has-link-color wp-elements-179e0d19cf330236f783db01de375574\" style=\"margin-top:0;margin-bottom:var(--wp--preset--spacing--30);font-size:clamp(22.041px, 1.378rem + ((1vw - 3.2px) * 1.556), 36px);\"><strong>Balade de 1H30<\/strong><\/p>\n\n\n\n<div class=\"wp-block-buttons alignwide is-content-justification-center is-layout-flex wp-container-core-buttons-is-layout-e2a10f2e wp-block-buttons-is-layout-flex\" style=\"margin-bottom:var(--wp--preset--spacing--20)\">\n<div class=\"wp-block-button\"><a class=\"wp-block-button__link has-text-color has-background has-link-color has-border-color has-white-border-color has-text-align-center has-custom-font-size wp-element-button\" href=\"tel:0660962140\" style=\"border-width:2px;border-top-left-radius:37px;border-top-right-radius:37px;border-bottom-left-radius:37px;border-bottom-right-radius:37px;color:#ffa500;background-color:#ffffff2e;font-size:clamp(16.293px, 1.018rem + ((1vw - 3.2px) * 0.971), 25px);\"><strong>Je m&rsquo;inscris<\/strong><\/a><\/div>\n\n\n\n<div class=\"wp-block-button\"><a class=\"wp-block-button__link has-text-color has-background has-link-color has-border-color has-white-border-color has-custom-font-size wp-element-button\" href=\"https:\/\/yesdogeducation.com\/index.php\/contacter-un-educateur-canin-77\/\" style=\"border-width:2px;border-top-left-radius:37px;border-top-right-radius:37px;border-bottom-left-radius:37px;border-bottom-right-radius:37px;color:#ffa500;background-color:#ffffff2e;font-size:clamp(16.293px, 1.018rem + ((1vw - 3.2px) * 0.971), 25px);\"><strong>Je souhaite \u00eatre contact\u00e9<\/strong><\/a><\/div>\n<\/div>\n<\/div>\n<\/div><\/div>\n\n\n\n<div class=\"wp-block-group is-layout-grid wp-container-core-group-is-layout-26923b4b wp-block-group-is-layout-grid\">\n<figure class=\"wp-block-image size-large has-custom-border wp-container-content-5f80b302\" style=\"margin-top:var(--wp--preset--spacing--10);margin-right:var(--wp--preset--spacing--10);margin-bottom:var(--wp--preset--spacing--10);margin-left:var(--wp--preset--spacing--10)\"><img decoding=\"async\" width=\"819\" height=\"1024\" src=\"https:\/\/yesdogeducation.com\/wp-content\/uploads\/2026\/04\/balade-canine-educateur-canin-77-1-819x1024.png\" alt=\"\" class=\"has-border-color has-white-border-color wp-image-2264\" style=\"border-width:16px;border-top-left-radius:37px;border-top-right-radius:37px;border-bottom-left-radius:37px;border-bottom-right-radius:37px\" srcset=\"https:\/\/yesdogeducation.com\/wp-content\/uploads\/2026\/04\/balade-canine-educateur-canin-77-1-819x1024.png 819w, https:\/\/yesdogeducation.com\/wp-content\/uploads\/2026\/04\/balade-canine-educateur-canin-77-1-240x300.png 240w, https:\/\/yesdogeducation.com\/wp-content\/uploads\/2026\/04\/balade-canine-educateur-canin-77-1-768x960.png 768w, https:\/\/yesdogeducation.com\/wp-content\/uploads\/2026\/04\/balade-canine-educateur-canin-77-1.png 1080w\" sizes=\"(max-width: 819px) 100vw, 819px\" \/><\/figure>\n\n\n\n<figure class=\"wp-block-image size-large has-custom-border wp-container-content-5f80b302\" style=\"margin-top:var(--wp--preset--spacing--10);margin-right:var(--wp--preset--spacing--10);margin-bottom:var(--wp--preset--spacing--10);margin-left:var(--wp--preset--spacing--10)\"><img loading=\"lazy\" decoding=\"async\" width=\"819\" height=\"1024\" src=\"https:\/\/yesdogeducation.com\/wp-content\/uploads\/2026\/04\/balade-canine-educateur-canin-77-2-819x1024.png\" alt=\"\" class=\"has-border-color wp-image-2265\" style=\"border-color:#fff;border-width:16px;border-top-left-radius:37px;border-top-right-radius:37px;border-bottom-left-radius:37px;border-bottom-right-radius:37px\" srcset=\"https:\/\/yesdogeducation.com\/wp-content\/uploads\/2026\/04\/balade-canine-educateur-canin-77-2-819x1024.png 819w, https:\/\/yesdogeducation.com\/wp-content\/uploads\/2026\/04\/balade-canine-educateur-canin-77-2-240x300.png 240w, https:\/\/yesdogeducation.com\/wp-content\/uploads\/2026\/04\/balade-canine-educateur-canin-77-2-768x960.png 768w, https:\/\/yesdogeducation.com\/wp-content\/uploads\/2026\/04\/balade-canine-educateur-canin-77-2.png 1080w\" sizes=\"(max-width: 819px) 100vw, 819px\" \/><\/figure>\n\n\n\n<div class=\"wp-block-cover has-custom-content-position is-position-top-center wp-container-content-5f80b302\" style=\"border-width:16px;border-top-left-radius:41px;border-top-right-radius:41px;border-bottom-left-radius:41px;border-bottom-right-radius:41px;margin-top:0;margin-bottom:0;padding-left:var(--wp--preset--spacing--30);min-height:400px;aspect-ratio:unset;\" id=\"formations\"><img loading=\"lazy\" decoding=\"async\" width=\"1024\" height=\"724\" class=\"wp-block-cover__image-background wp-image-1516 size-large\" alt=\"\" src=\"https:\/\/yesdogeducation.com\/wp-content\/uploads\/2024\/11\/educateur-canin-milly-border-2-1024x724.png\" data-object-fit=\"cover\" srcset=\"https:\/\/yesdogeducation.com\/wp-content\/uploads\/2024\/11\/educateur-canin-milly-border-2-1024x724.png 1024w, https:\/\/yesdogeducation.com\/wp-content\/uploads\/2024\/11\/educateur-canin-milly-border-2-300x212.png 300w, https:\/\/yesdogeducation.com\/wp-content\/uploads\/2024\/11\/educateur-canin-milly-border-2-768x543.png 768w, https:\/\/yesdogeducation.com\/wp-content\/uploads\/2024\/11\/educateur-canin-milly-border-2-1536x1086.png 1536w, https:\/\/yesdogeducation.com\/wp-content\/uploads\/2024\/11\/educateur-canin-milly-border-2.png 2000w\" sizes=\"(max-width: 1024px) 100vw, 1024px\" \/><span aria-hidden=\"true\" class=\"wp-block-cover__background has-background-dim-100 has-background-dim\" style=\"background-color:#165f6e\"><\/span><div class=\"wp-block-cover__inner-container has-global-padding is-layout-constrained wp-container-core-cover-is-layout-9b118aae wp-block-cover-is-layout-constrained\">\n<figure class=\"wp-block-image size-large is-resized\"><img loading=\"lazy\" decoding=\"async\" width=\"1024\" height=\"389\" src=\"https:\/\/yesdogeducation.com\/wp-content\/uploads\/2025\/10\/Design-sans-titre-1-1024x389.png\" alt=\"\" class=\"wp-image-1125\" style=\"aspect-ratio:2.632526267702147;width:196px;height:auto\" srcset=\"https:\/\/yesdogeducation.com\/wp-content\/uploads\/2025\/10\/Design-sans-titre-1-1024x389.png 1024w, https:\/\/yesdogeducation.com\/wp-content\/uploads\/2025\/10\/Design-sans-titre-1-300x114.png 300w, https:\/\/yesdogeducation.com\/wp-content\/uploads\/2025\/10\/Design-sans-titre-1-768x292.png 768w, https:\/\/yesdogeducation.com\/wp-content\/uploads\/2025\/10\/Design-sans-titre-1.png 1536w\" sizes=\"(max-width: 1024px) 100vw, 1024px\" \/><\/figure>\n\n\n\n<h2 class=\"wp-block-heading has-white-color has-text-color has-link-color wp-elements-b72c559bc05ce562aa1dd3a2e8a5e8e1\" style=\"margin-top:var(--wp--preset--spacing--20);margin-bottom:var(--wp--preset--spacing--20);font-size:clamp(0.875rem, 0.875rem + ((1vw - 0.2rem) * 0.58), 1.2rem);\">Centre d&rsquo;\u00e9ducation canine <strong>bas\u00e9 \u00e0 Chailly en Bi\u00e8re<\/strong> (77)<\/h2>\n\n\n\n<div class=\"wp-block-buttons is-content-justification-left is-layout-flex wp-container-core-buttons-is-layout-ddd2206f wp-block-buttons-is-layout-flex\" style=\"padding-top:var(--wp--preset--spacing--10);padding-bottom:var(--wp--preset--spacing--10);padding-left:0\">\n<div class=\"wp-block-button is-style-fill\"><a class=\"wp-block-button__link has-white-color has-text-color has-background has-link-color has-text-align-center has-custom-font-size wp-element-button\" href=\"https:\/\/yesdogeducation.com\/index.php\/contacter-un-educateur-canin-77\/\" style=\"border-style:none;border-width:0px;border-top-left-radius:20px;border-top-right-radius:20px;border-bottom-left-radius:20px;border-bottom-right-radius:20px;background-color:#acc62b;padding-top:0.7rem;padding-right:var(--wp--preset--spacing--10);padding-bottom:0.7rem;padding-left:var(--wp--preset--spacing--10);font-size:clamp(14px, 0.875rem + ((1vw - 3.2px) * 0.669), 20px);\"><strong>NOUS CONTACTER<\/strong><\/a><\/div>\n<\/div>\n\n\n\n<ul class=\"wp-block-list\">\n<li class=\"has-medium-font-size\">Interventions autour de Melun Fontainebleau Milly Corbeil<\/li>\n\n\n\n<li class=\"has-medium-font-size\">Seine et Marne<\/li>\n\n\n\n<li class=\"has-medium-font-size\">Essonne<\/li>\n<\/ul>\n\n\n\n<p class=\"has-mdm-large-font-size\" style=\"margin-top:var(--wp--preset--spacing--10)\"><strong>Terrain d\u00e9di\u00e9 &amp; travail en conditions r\u00e9elles<\/strong><\/p>\n\n\n\n<div class=\"wp-block-buttons is-content-justification-left is-layout-flex wp-container-core-buttons-is-layout-1dffb149 wp-block-buttons-is-layout-flex\" style=\"padding-top:0;padding-bottom:var(--wp--preset--spacing--10);padding-left:0\">\n<div class=\"wp-block-button is-style-fill\"><a class=\"wp-block-button__link has-white-color has-text-color has-background has-link-color has-text-align-center has-custom-font-size wp-element-button\" href=\"https:\/\/yesdogeducation.com\/index.php\/educateur-canin-77-centre-canin\/\" style=\"border-style:none;border-width:0px;border-top-left-radius:20px;border-top-right-radius:20px;border-bottom-left-radius:20px;border-bottom-right-radius:20px;background-color:#acc62b;padding-top:0.7rem;padding-right:var(--wp--preset--spacing--10);padding-bottom:0.7rem;padding-left:var(--wp--preset--spacing--10);font-size:clamp(14px, 0.875rem + ((1vw - 3.2px) * 0.669), 20px);\">Le <strong>YES DOG PARC<\/strong><\/a><\/div>\n<\/div>\n<\/div><\/div>\n<\/div>\n","protected":false},"excerpt":{"rendered":"","protected":false},"author":1,"featured_media":0,"parent":0,"menu_order":0,"comment_status":"closed","ping_status":"closed","template":"full-width","meta":{"footnotes":""},"class_list":["post-2260","page","type-page","status-publish","hentry"],"yoast_head":"<!-- This site is optimized with the Yoast SEO plugin v27.4 - https:\/\/yoast.com\/product\/yoast-seo-wordpress\/ -->\n<title>BALADES - YES DOG EDUCATION<\/title>\n<meta name=\"description\" content=\"Balades canines collectives. D\u00e9couverte de la for\u00eat de Fontainebleau. Mini-conf\u00e9rences naturalistes. Educateur canin 77 Melun Fontainebleau\" \/>\n<meta name=\"robots\" content=\"index, follow, max-snippet:-1, max-image-preview:large, max-video-preview:-1\" \/>\n<link rel=\"canonical\" href=\"https:\/\/yesdogeducation.com\/index.php\/balade-collective-de-chien-educateur-canin-77\/\" \/>\n<meta property=\"og:locale\" content=\"fr_FR\" \/>\n<meta property=\"og:type\" content=\"article\" \/>\n<meta property=\"og:title\" content=\"balade-collective-de-chien-educateur-canin-77\" \/>\n<meta property=\"og:description\" content=\"Balades canines collectives. D\u00e9couverte de la for\u00eat de Fontainebleau. Mini-conf\u00e9rences naturalistes. Educateur canin 77 Melun Fontainebleau\" \/>\n<meta property=\"og:url\" content=\"https:\/\/yesdogeducation.com\/index.php\/balade-collective-de-chien-educateur-canin-77\/\" \/>\n<meta property=\"og:site_name\" content=\"YES DOG EDUCATION\" \/>\n<meta property=\"article:modified_time\" content=\"2026-04-22T02:39:47+00:00\" \/>\n<meta property=\"og:image\" content=\"https:\/\/yesdogeducation.com\/wp-content\/uploads\/2026\/04\/balade-canine-educateur-canin-77-1.png\" \/>\n\t<meta property=\"og:image:width\" content=\"1080\" \/>\n\t<meta property=\"og:image:height\" content=\"1350\" \/>\n\t<meta property=\"og:image:type\" content=\"image\/png\" \/>\n<meta name=\"twitter:card\" content=\"summary_large_image\" \/>\n<meta name=\"twitter:label1\" content=\"Dur\u00e9e de lecture estim\u00e9e\" \/>\n\t<meta name=\"twitter:data1\" content=\"2 minutes\" \/>\n<script type=\"application\/ld+json\" class=\"yoast-schema-graph\">{\"@context\":\"https:\\\/\\\/schema.org\",\"@graph\":[{\"@type\":\"WebPage\",\"@id\":\"https:\\\/\\\/yesdogeducation.com\\\/index.php\\\/balade-collective-de-chien-educateur-canin-77\\\/\",\"url\":\"https:\\\/\\\/yesdogeducation.com\\\/index.php\\\/balade-collective-de-chien-educateur-canin-77\\\/\",\"name\":\"BALADES - YES DOG EDUCATION\",\"isPartOf\":{\"@id\":\"https:\\\/\\\/yesdogeducation.com\\\/#website\"},\"primaryImageOfPage\":{\"@id\":\"https:\\\/\\\/yesdogeducation.com\\\/index.php\\\/balade-collective-de-chien-educateur-canin-77\\\/#primaryimage\"},\"image\":{\"@id\":\"https:\\\/\\\/yesdogeducation.com\\\/index.php\\\/balade-collective-de-chien-educateur-canin-77\\\/#primaryimage\"},\"thumbnailUrl\":\"https:\\\/\\\/yesdogeducation.com\\\/wp-content\\\/uploads\\\/2026\\\/04\\\/balade-collective-chiens-educateur-canin-77.png\",\"datePublished\":\"2026-04-19T17:37:41+00:00\",\"dateModified\":\"2026-04-22T02:39:47+00:00\",\"description\":\"Balades canines collectives. D\u00e9couverte de la for\u00eat de Fontainebleau. Mini-conf\u00e9rences naturalistes. Educateur canin 77 Melun Fontainebleau\",\"breadcrumb\":{\"@id\":\"https:\\\/\\\/yesdogeducation.com\\\/index.php\\\/balade-collective-de-chien-educateur-canin-77\\\/#breadcrumb\"},\"inLanguage\":\"fr-FR\",\"potentialAction\":[{\"@type\":\"ReadAction\",\"target\":[\"https:\\\/\\\/yesdogeducation.com\\\/index.php\\\/balade-collective-de-chien-educateur-canin-77\\\/\"]}]},{\"@type\":\"ImageObject\",\"inLanguage\":\"fr-FR\",\"@id\":\"https:\\\/\\\/yesdogeducation.com\\\/index.php\\\/balade-collective-de-chien-educateur-canin-77\\\/#primaryimage\",\"url\":\"https:\\\/\\\/yesdogeducation.com\\\/wp-content\\\/uploads\\\/2026\\\/04\\\/balade-collective-chiens-educateur-canin-77.png\",\"contentUrl\":\"https:\\\/\\\/yesdogeducation.com\\\/wp-content\\\/uploads\\\/2026\\\/04\\\/balade-collective-chiens-educateur-canin-77.png\",\"width\":1080,\"height\":1350},{\"@type\":\"BreadcrumbList\",\"@id\":\"https:\\\/\\\/yesdogeducation.com\\\/index.php\\\/balade-collective-de-chien-educateur-canin-77\\\/#breadcrumb\",\"itemListElement\":[{\"@type\":\"ListItem\",\"position\":1,\"name\":\"Accueil\",\"item\":\"https:\\\/\\\/yesdogeducation.com\\\/\"},{\"@type\":\"ListItem\",\"position\":2,\"name\":\"BALADES\"}]},{\"@type\":\"WebSite\",\"@id\":\"https:\\\/\\\/yesdogeducation.com\\\/#website\",\"url\":\"https:\\\/\\\/yesdogeducation.com\\\/\",\"name\":\"YES DOG EDUCATION\",\"description\":\"Educateur canin 77 91 Melun Fontainebleau Corbeil Milly\",\"publisher\":{\"@id\":\"https:\\\/\\\/yesdogeducation.com\\\/#organization\"},\"potentialAction\":[{\"@type\":\"SearchAction\",\"target\":{\"@type\":\"EntryPoint\",\"urlTemplate\":\"https:\\\/\\\/yesdogeducation.com\\\/?s={search_term_string}\"},\"query-input\":{\"@type\":\"PropertyValueSpecification\",\"valueRequired\":true,\"valueName\":\"search_term_string\"}}],\"inLanguage\":\"fr-FR\"},{\"@type\":\"Organization\",\"@id\":\"https:\\\/\\\/yesdogeducation.com\\\/#organization\",\"name\":\"YES DOG EDUCATION\",\"url\":\"https:\\\/\\\/yesdogeducation.com\\\/\",\"logo\":{\"@type\":\"ImageObject\",\"inLanguage\":\"fr-FR\",\"@id\":\"https:\\\/\\\/yesdogeducation.com\\\/#\\\/schema\\\/logo\\\/image\\\/\",\"url\":\"https:\\\/\\\/yesdogeducation.com\\\/wp-content\\\/uploads\\\/2024\\\/11\\\/educateur-canin-melun-logo-1-scaled.png\",\"contentUrl\":\"https:\\\/\\\/yesdogeducation.com\\\/wp-content\\\/uploads\\\/2024\\\/11\\\/educateur-canin-melun-logo-1-scaled.png\",\"width\":2560,\"height\":898,\"caption\":\"YES DOG EDUCATION\"},\"image\":{\"@id\":\"https:\\\/\\\/yesdogeducation.com\\\/#\\\/schema\\\/logo\\\/image\\\/\"}}]}<\/script>\n<!-- \/ Yoast SEO plugin. -->","yoast_head_json":{"title":"BALADES - YES DOG EDUCATION","description":"Balades canines collectives. D\u00e9couverte de la for\u00eat de Fontainebleau. Mini-conf\u00e9rences naturalistes. Educateur canin 77 Melun Fontainebleau","robots":{"index":"index","follow":"follow","max-snippet":"max-snippet:-1","max-image-preview":"max-image-preview:large","max-video-preview":"max-video-preview:-1"},"canonical":"https:\/\/yesdogeducation.com\/index.php\/balade-collective-de-chien-educateur-canin-77\/","og_locale":"fr_FR","og_type":"article","og_title":"balade-collective-de-chien-educateur-canin-77","og_description":"Balades canines collectives. D\u00e9couverte de la for\u00eat de Fontainebleau. Mini-conf\u00e9rences naturalistes. Educateur canin 77 Melun Fontainebleau","og_url":"https:\/\/yesdogeducation.com\/index.php\/balade-collective-de-chien-educateur-canin-77\/","og_site_name":"YES DOG EDUCATION","article_modified_time":"2026-04-22T02:39:47+00:00","og_image":[{"width":1080,"height":1350,"url":"https:\/\/yesdogeducation.com\/wp-content\/uploads\/2026\/04\/balade-canine-educateur-canin-77-1.png","type":"image\/png"}],"twitter_card":"summary_large_image","twitter_misc":{"Dur\u00e9e de lecture estim\u00e9e":"2 minutes"},"schema":{"@context":"https:\/\/schema.org","@graph":[{"@type":"WebPage","@id":"https:\/\/yesdogeducation.com\/index.php\/balade-collective-de-chien-educateur-canin-77\/","url":"https:\/\/yesdogeducation.com\/index.php\/balade-collective-de-chien-educateur-canin-77\/","name":"BALADES - YES DOG EDUCATION","isPartOf":{"@id":"https:\/\/yesdogeducation.com\/#website"},"primaryImageOfPage":{"@id":"https:\/\/yesdogeducation.com\/index.php\/balade-collective-de-chien-educateur-canin-77\/#primaryimage"},"image":{"@id":"https:\/\/yesdogeducation.com\/index.php\/balade-collective-de-chien-educateur-canin-77\/#primaryimage"},"thumbnailUrl":"https:\/\/yesdogeducation.com\/wp-content\/uploads\/2026\/04\/balade-collective-chiens-educateur-canin-77.png","datePublished":"2026-04-19T17:37:41+00:00","dateModified":"2026-04-22T02:39:47+00:00","description":"Balades canines collectives. D\u00e9couverte de la for\u00eat de Fontainebleau. Mini-conf\u00e9rences naturalistes. Educateur canin 77 Melun Fontainebleau","breadcrumb":{"@id":"https:\/\/yesdogeducation.com\/index.php\/balade-collective-de-chien-educateur-canin-77\/#breadcrumb"},"inLanguage":"fr-FR","potentialAction":[{"@type":"ReadAction","target":["https:\/\/yesdogeducation.com\/index.php\/balade-collective-de-chien-educateur-canin-77\/"]}]},{"@type":"ImageObject","inLanguage":"fr-FR","@id":"https:\/\/yesdogeducation.com\/index.php\/balade-collective-de-chien-educateur-canin-77\/#primaryimage","url":"https:\/\/yesdogeducation.com\/wp-content\/uploads\/2026\/04\/balade-collective-chiens-educateur-canin-77.png","contentUrl":"https:\/\/yesdogeducation.com\/wp-content\/uploads\/2026\/04\/balade-collective-chiens-educateur-canin-77.png","width":1080,"height":1350},{"@type":"BreadcrumbList","@id":"https:\/\/yesdogeducation.com\/index.php\/balade-collective-de-chien-educateur-canin-77\/#breadcrumb","itemListElement":[{"@type":"ListItem","position":1,"name":"Accueil","item":"https:\/\/yesdogeducation.com\/"},{"@type":"ListItem","position":2,"name":"BALADES"}]},{"@type":"WebSite","@id":"https:\/\/yesdogeducation.com\/#website","url":"https:\/\/yesdogeducation.com\/","name":"YES DOG EDUCATION","description":"Educateur canin 77 91 Melun Fontainebleau Corbeil Milly","publisher":{"@id":"https:\/\/yesdogeducation.com\/#organization"},"potentialAction":[{"@type":"SearchAction","target":{"@type":"EntryPoint","urlTemplate":"https:\/\/yesdogeducation.com\/?s={search_term_string}"},"query-input":{"@type":"PropertyValueSpecification","valueRequired":true,"valueName":"search_term_string"}}],"inLanguage":"fr-FR"},{"@type":"Organization","@id":"https:\/\/yesdogeducation.com\/#organization","name":"YES DOG EDUCATION","url":"https:\/\/yesdogeducation.com\/","logo":{"@type":"ImageObject","inLanguage":"fr-FR","@id":"https:\/\/yesdogeducation.com\/#\/schema\/logo\/image\/","url":"https:\/\/yesdogeducation.com\/wp-content\/uploads\/2024\/11\/educateur-canin-melun-logo-1-scaled.png","contentUrl":"https:\/\/yesdogeducation.com\/wp-content\/uploads\/2024\/11\/educateur-canin-melun-logo-1-scaled.png","width":2560,"height":898,"caption":"YES DOG EDUCATION"},"image":{"@id":"https:\/\/yesdogeducation.com\/#\/schema\/logo\/image\/"}}]}},"_links":{"self":[{"href":"https:\/\/yesdogeducation.com\/index.php\/wp-json\/wp\/v2\/pages\/2260","targetHints":{"allow":["GET"]}}],"collection":[{"href":"https:\/\/yesdogeducation.com\/index.php\/wp-json\/wp\/v2\/pages"}],"about":[{"href":"https:\/\/yesdogeducation.com\/index.php\/wp-json\/wp\/v2\/types\/page"}],"author":[{"embeddable":true,"href":"https:\/\/yesdogeducation.com\/index.php\/wp-json\/wp\/v2\/users\/1"}],"replies":[{"embeddable":true,"href":"https:\/\/yesdogeducation.com\/index.php\/wp-json\/wp\/v2\/comments?post=2260"}],"version-history":[{"count":26,"href":"https:\/\/yesdogeducation.com\/index.php\/wp-json\/wp\/v2\/pages\/2260\/revisions"}],"predecessor-version":[{"id":2734,"href":"https:\/\/yesdogeducation.com\/index.php\/wp-json\/wp\/v2\/pages\/2260\/revisions\/2734"}],"wp:attachment":[{"href":"https:\/\/yesdogeducation.com\/index.php\/wp-json\/wp\/v2\/media?parent=2260"}],"curies":[{"name":"wp","href":"https:\/\/api.w.org\/{rel}","templated":true}]}}